{"id":178,"date":"2025-09-10T14:15:08","date_gmt":"2025-09-10T14:15:08","guid":{"rendered":"https:\/\/aszetik-institut.de\/?page_id=178"},"modified":"2025-09-10T14:15:08","modified_gmt":"2025-09-10T14:15:08","slug":"das-team-des-instituts","status":"publish","type":"page","link":"https:\/\/aszetik-institut.de\/?page_id=178","title":{"rendered":"Das Team des Instituts"},"content":{"rendered":"\n<figure class=\"wp-block-image size-medium is-resized\"><img fetchpriority=\"high\" decoding=\"async\" width=\"202\" height=\"300\" src=\"https:\/\/aszetik-institut.de\/wp-content\/uploads\/2025\/09\/Raschzok_neu_sw-202x300.jpg\" alt=\"\" class=\"wp-image-165\" style=\"width:183px;height:auto\" srcset=\"https:\/\/aszetik-institut.de\/wp-content\/uploads\/2025\/09\/Raschzok_neu_sw-202x300.jpg 202w, https:\/\/aszetik-institut.de\/wp-content\/uploads\/2025\/09\/Raschzok_neu_sw-688x1024.jpg 688w, https:\/\/aszetik-institut.de\/wp-content\/uploads\/2025\/09\/Raschzok_neu_sw-768x1143.jpg 768w, https:\/\/aszetik-institut.de\/wp-content\/uploads\/2025\/09\/Raschzok_neu_sw-1032x1536.jpg 1032w, https:\/\/aszetik-institut.de\/wp-content\/uploads\/2025\/09\/Raschzok_neu_sw-1376x2048.jpg 1376w, https:\/\/aszetik-institut.de\/wp-content\/uploads\/2025\/09\/Raschzok_neu_sw-676x1006.jpg 676w, https:\/\/aszetik-institut.de\/wp-content\/uploads\/2025\/09\/Raschzok_neu_sw-scaled.jpg 1720w\" sizes=\"(max-width: 202px) 100vw, 202px\" \/><\/figure>\n\n\n\n<p>Prof. em. Dr. Klaus Raschzok, Seniordirektor<\/p>\n\n\n\n<figure class=\"wp-block-image size-medium\"><img decoding=\"async\" width=\"191\" height=\"300\" src=\"https:\/\/aszetik-institut.de\/wp-content\/uploads\/2025\/09\/08_PHOTO-2020-09-24-17-18-42-2-1-191x300.jpg\" alt=\"\" class=\"wp-image-166\" srcset=\"https:\/\/aszetik-institut.de\/wp-content\/uploads\/2025\/09\/08_PHOTO-2020-09-24-17-18-42-2-1-191x300.jpg 191w, https:\/\/aszetik-institut.de\/wp-content\/uploads\/2025\/09\/08_PHOTO-2020-09-24-17-18-42-2-1.jpg 359w\" sizes=\"(max-width: 191px) 100vw, 191px\" \/><\/figure>\n\n\n\n<p>apl. Prof. Dr. Christian Eyselein, Direktor<\/p>\n\n\n\n<p> <\/p>\n\n\n\n<figure class=\"wp-block-image size-medium\"><img decoding=\"async\" width=\"225\" height=\"300\" src=\"https:\/\/aszetik-institut.de\/wp-content\/uploads\/2025\/09\/JuliaArnold-225x300.jpg\" alt=\"Dr. Julia Arnold\" class=\"wp-image-159\" srcset=\"https:\/\/aszetik-institut.de\/wp-content\/uploads\/2025\/09\/JuliaArnold-225x300.jpg 225w, https:\/\/aszetik-institut.de\/wp-content\/uploads\/2025\/09\/JuliaArnold-768x1024.jpg 768w, https:\/\/aszetik-institut.de\/wp-content\/uploads\/2025\/09\/JuliaArnold-676x901.jpg 676w, https:\/\/aszetik-institut.de\/wp-content\/uploads\/2025\/09\/JuliaArnold.jpg 960w\" sizes=\"(max-width: 225px) 100vw, 225px\" \/><\/figure>\n\n\n\n<p>Dr. Julia Arnold<\/p>\n\n\n\n<figure class=\"wp-block-image size-medium\"><img loading=\"lazy\" decoding=\"async\" width=\"280\" height=\"300\" src=\"https:\/\/aszetik-institut.de\/wp-content\/uploads\/2025\/09\/Konrad-e1757497175845-280x300.jpg\" alt=\"Dr. Dr. Konrad M\u00fcller\" class=\"wp-image-160\" srcset=\"https:\/\/aszetik-institut.de\/wp-content\/uploads\/2025\/09\/Konrad-e1757497175845-280x300.jpg 280w, https:\/\/aszetik-institut.de\/wp-content\/uploads\/2025\/09\/Konrad-e1757497175845-768x823.jpg 768w, https:\/\/aszetik-institut.de\/wp-content\/uploads\/2025\/09\/Konrad-e1757497175845-676x724.jpg 676w, https:\/\/aszetik-institut.de\/wp-content\/uploads\/2025\/09\/Konrad-e1757497175845.jpg 828w\" sizes=\"(max-width: 280px) 100vw, 280px\" \/><\/figure>\n\n\n\n<p>Dr. Dr. Konrad M\u00fcller<\/p>\n\n\n\n<figure class=\"wp-block-image size-medium\"><img loading=\"lazy\" decoding=\"async\" width=\"206\" height=\"300\" src=\"https:\/\/aszetik-institut.de\/wp-content\/uploads\/2025\/09\/FotoGK20-04-206x300.jpg\" alt=\"\" class=\"wp-image-167\" srcset=\"https:\/\/aszetik-institut.de\/wp-content\/uploads\/2025\/09\/FotoGK20-04-206x300.jpg 206w, https:\/\/aszetik-institut.de\/wp-content\/uploads\/2025\/09\/FotoGK20-04-704x1024.jpg 704w, https:\/\/aszetik-institut.de\/wp-content\/uploads\/2025\/09\/FotoGK20-04-768x1117.jpg 768w, https:\/\/aszetik-institut.de\/wp-content\/uploads\/2025\/09\/FotoGK20-04-1056x1536.jpg 1056w, https:\/\/aszetik-institut.de\/wp-content\/uploads\/2025\/09\/FotoGK20-04-1408x2048.jpg 1408w, https:\/\/aszetik-institut.de\/wp-content\/uploads\/2025\/09\/FotoGK20-04-676x983.jpg 676w, https:\/\/aszetik-institut.de\/wp-content\/uploads\/2025\/09\/FotoGK20-04.jpg 1537w\" sizes=\"(max-width: 206px) 100vw, 206px\" \/><\/figure>\n\n\n\n<p>Dr. Gerhard Knodt, wiss. Gesch\u00e4ftsf\u00fchrer<\/p>\n","protected":false},"excerpt":{"rendered":"<p>Prof. em. Dr. Klaus Raschzok, Seniordirektor apl. Prof. Dr. Christian Eyselein, Direktor Dr. Julia Arnold Dr. Dr. Konrad M\u00fcller Dr. Gerhard Knodt, wiss. Gesch\u00e4ftsf\u00fchrer<\/p>\n","protected":false},"author":1,"featured_media":0,"parent":0,"menu_order":0,"comment_status":"closed","ping_status":"closed","template":"","meta":{"footnotes":""},"class_list":["post-178","page","type-page","status-publish","hentry","post-preview"],"_links":{"self":[{"href":"https:\/\/aszetik-institut.de\/index.php?rest_route=\/wp\/v2\/pages\/178","targetHints":{"allow":["GET"]}}],"collection":[{"href":"https:\/\/aszetik-institut.de\/index.php?rest_route=\/wp\/v2\/pages"}],"about":[{"href":"https:\/\/aszetik-institut.de\/index.php?rest_route=\/wp\/v2\/types\/page"}],"author":[{"embeddable":true,"href":"https:\/\/aszetik-institut.de\/index.php?rest_route=\/wp\/v2\/users\/1"}],"replies":[{"embeddable":true,"href":"https:\/\/aszetik-institut.de\/index.php?rest_route=%2Fwp%2Fv2%2Fcomments&post=178"}],"version-history":[{"count":3,"href":"https:\/\/aszetik-institut.de\/index.php?rest_route=\/wp\/v2\/pages\/178\/revisions"}],"predecessor-version":[{"id":200,"href":"https:\/\/aszetik-institut.de\/index.php?rest_route=\/wp\/v2\/pages\/178\/revisions\/200"}],"wp:attachment":[{"href":"https:\/\/aszetik-institut.de\/index.php?rest_route=%2Fwp%2Fv2%2Fmedia&parent=178"}],"curies":[{"name":"wp","href":"https:\/\/api.w.org\/{rel}","templated":true}]}}

<figure class="wp-block-image size-medium is-resized"><img fetchpriority="high" decoding="async" width="202" height="300" src="https://aszetik-institut.de/wp-content/uploads/2025/09/Raschzok_neu_sw-202x300.jpg" alt="" class="wp-image-165" style="width:183px;height:auto" srcset="https://aszetik-institut.de/wp-content/uploads/2025/09/Raschzok_neu_sw-202x300.jpg 202w, https://aszetik-institut.de/wp-content/uploads/2025/09/Raschzok_neu_sw-688x1024.jpg 688w, https://aszetik-institut.de/wp-content/uploads/2025/09/Raschzok_neu_sw-768x1143.jpg 768w, https://aszetik-institut.de/wp-content/uploads/2025/09/Raschzok_neu_sw-1032x1536.jpg 1032w, https://aszetik-institut.de/wp-content/uploads/2025/09/Raschzok_neu_sw-1376x2048.jpg 1376w, https://aszetik-institut.de/wp-content/uploads/2025/09/Raschzok_neu_sw-676x1006.jpg 676w, https://aszetik-institut.de/wp-content/uploads/2025/09/Raschzok_neu_sw-scaled.jpg 1720w" sizes="(max-width: 202px) 100vw, 202px" /></figure>



<p>Prof. em. Dr. Klaus Raschzok, Seniordirektor</p>



<figure class="wp-block-image size-medium"><img decoding="async" width="191" height="300" src="https://aszetik-institut.de/wp-content/uploads/2025/09/08_PHOTO-2020-09-24-17-18-42-2-1-191x300.jpg" alt="" class="wp-image-166" srcset="https://aszetik-institut.de/wp-content/uploads/2025/09/08_PHOTO-2020-09-24-17-18-42-2-1-191x300.jpg 191w, https://aszetik-institut.de/wp-content/uploads/2025/09/08_PHOTO-2020-09-24-17-18-42-2-1.jpg 359w" sizes="(max-width: 191px) 100vw, 191px" /></figure>



<p>apl. Prof. Dr. Christian Eyselein, Direktor</p>



<p> </p>



<figure class="wp-block-image size-medium"><img decoding="async" width="225" height="300" src="https://aszetik-institut.de/wp-content/uploads/2025/09/JuliaArnold-225x300.jpg" alt="Dr. Julia Arnold" class="wp-image-159" srcset="https://aszetik-institut.de/wp-content/uploads/2025/09/JuliaArnold-225x300.jpg 225w, https://aszetik-institut.de/wp-content/uploads/2025/09/JuliaArnold-768x1024.jpg 768w, https://aszetik-institut.de/wp-content/uploads/2025/09/JuliaArnold-676x901.jpg 676w, https://aszetik-institut.de/wp-content/uploads/2025/09/JuliaArnold.jpg 960w" sizes="(max-width: 225px) 100vw, 225px" /></figure>



<p>Dr. Julia Arnold</p>



<figure class="wp-block-image size-medium"><img loading="lazy" decoding="async" width="280" height="300" src="https://aszetik-institut.de/wp-content/uploads/2025/09/Konrad-e1757497175845-280x300.jpg" alt="Dr. Dr. Konrad Müller" class="wp-image-160" srcset="https://aszetik-institut.de/wp-content/uploads/2025/09/Konrad-e1757497175845-280x300.jpg 280w, https://aszetik-institut.de/wp-content/uploads/2025/09/Konrad-e1757497175845-768x823.jpg 768w, https://aszetik-institut.de/wp-content/uploads/2025/09/Konrad-e1757497175845-676x724.jpg 676w, https://aszetik-institut.de/wp-content/uploads/2025/09/Konrad-e1757497175845.jpg 828w" sizes="(max-width: 280px) 100vw, 280px" /></figure>



<p>Dr. Dr. Konrad Müller</p>



<figure class="wp-block-image size-medium"><img loading="lazy" decoding="async" width="206" height="300" src="https://aszetik-institut.de/wp-content/uploads/2025/09/FotoGK20-04-206x300.jpg" alt="" class="wp-image-167" srcset="https://aszetik-institut.de/wp-content/uploads/2025/09/FotoGK20-04-206x300.jpg 206w, https://aszetik-institut.de/wp-content/uploads/2025/09/FotoGK20-04-704x1024.jpg 704w, https://aszetik-institut.de/wp-content/uploads/2025/09/FotoGK20-04-768x1117.jpg 768w, https://aszetik-institut.de/wp-content/uploads/2025/09/FotoGK20-04-1056x1536.jpg 1056w, https://aszetik-institut.de/wp-content/uploads/2025/09/FotoGK20-04-1408x2048.jpg 1408w, https://aszetik-institut.de/wp-content/uploads/2025/09/FotoGK20-04-676x983.jpg 676w, https://aszetik-institut.de/wp-content/uploads/2025/09/FotoGK20-04.jpg 1537w" sizes="(max-width: 206px) 100vw, 206px" /></figure>



<p>Dr. Gerhard Knodt, wiss. Geschäftsführer</p>

<p>Prof. em. Dr. Klaus Raschzok, Seniordirektor apl. Prof. Dr. Christian Eyselein, Direktor Dr. Julia Arnold Dr. Dr. Konrad Müller Dr. Gerhard Knodt, wiss. Geschäftsführer</p>
